atest common factor of 104 and 962.
26
What is the greatest common factor of 287 and 533?
41
Calculate the greatest common divisor of 14 and 1572.
2
What is the greatest common factor of 595 and 14?
7
Calculate the greatest common divisor of 1397 and 22.
11
Calculate the greatest common factor of 539 and 3619.
77
What is the highest common divisor of 140 and 340?
20
Calculate the highest common factor of 532 and 76.
76
What is the greatest common divisor of 234 and 12?
6
What is the greatest common divisor of 6 and 82?
2
What is the greatest common divisor of 10272 and 576?
96
What is the greatest common factor of 1134 and 14?
14
Calculate the highest common factor of 56 and 8.
8
What is the highest common factor of 2 and 152?
2
What is the highest common factor of 70 and 1330?
70
What is the highest common factor of 100 and 4?
4
What is the greatest common factor of 48 and 16?
16
Calculate the highest common divisor of 7335 and 9.
9
What is the greatest common divisor of 4415 and 10?
5
Calculate the greatest common factor of 208 and 11024.
208
Calculate the highest common factor of 13566 and 952.
238
Calculate the greatest common factor of 6 and 3858.
6
Calculate the highest common factor of 132 and 12.
12
Calculate the greatest common factor of 55 and 3245.
55
Calculate the highest common factor of 104 and 17472.
104
Calculate the greatest common factor of 29 and 13543.
29
Calculate the greatest common divisor of 112 and 140.
28
Calculate the greatest common factor of 52 and 1118.
26
What is the highest common factor of 101 and 1?
1
Calculate the greatest common factor of 55 and 275.
55
Calculate the highest common divisor of 40 and 452.
4
Calculate the highest common factor of 791 and 14.
7
What is the greatest common factor of 15 and 915?
15
What is the greatest common factor of 6808 and 222?
74
What is the highest common factor of 235 and 423?
47
Calculate the highest common factor of 20864 and 32.
32
What is the greatest common divisor of 160 and 50?
10
What is the greatest common factor of 46 and 23?
23
Calculate the highest common divisor of 112 and 32.
16
What is the highest common factor of 755 and 9211?
151
Calculate the greatest common factor of 1092 and 13.
13
What is the greatest common factor of 594 and 330?
66
Calculate the greatest common factor of 416 and 16.
16
Calculate the highest common factor of 11670 and 30.
30
Calculate the highest common divisor of 74 and 999.
37
What is the highest common divisor of 34007 and 31?
31
What is the greatest common divisor of 204 and 272?
68
Calculate the greatest common factor of 103 and 7519.
103
Calculate the greatest common factor of 3345 and 15.
15
Calculate the greatest common factor of 6822 and 6.
6
What is the greatest common divisor of 658 and 2162?
94
What is the highest common factor of 54 and 252?
18
What is the highest common divisor of 102 and 969?
51
Calculate the greatest common factor of 800 and 256.
32
Calculate the greatest common factor of 506 and 242.
22
What is the greatest common divisor of 288 and 18?
18
What is the highest common divisor of 2 and 139?
1
What is the greatest common divisor of 1950 and 39?
39
What is the highest common factor of 11 and 374?
11
Calculate the highest common divisor of 5 and 300.
5
Calculate the greatest common divisor of 1752 and 24.
24
What is the highest common factor of 161 and 69?
23
Calculate the greatest common divisor of 504 and 9.
9
Calculate the highest common factor of 107 and 321.
107
What is the highest common factor of 172 and 602?
86
What is the highest common divisor of 86 and 4214?
86
Calculate the highest common factor of 111 and 3293.
37
Calculate the greatest common divisor of 112 and 84.
28
What is the highest common divisor of 478 and 2?
2
What is the greatest common factor of 546 and 39?
39
Calculate the greatest common factor of 1211 and 1384.
173
Calculate the highest common divisor of 86 and 10.
2
Calculate the highest common divisor of 74872 and 14.
14
What is the highest common divisor of 27 and 9?
9
Calculate the greatest common factor of 18 and 2871.
9
What is the greatest common divisor of 180 and 9980?
20
Calculate the highest common divisor of 96 and 7536.
48
Calculate the highest common factor of 27 and 108.
27
What is the greatest common divisor of 448 and 28?
28
Calculate the highest common divisor of 128 and 64.
64
What is the greatest common factor of 56189 and 698?
349
Calculate the greatest common factor of 160 and 28960.
160
What is the greatest common factor of 3424 and 107?
107
Calculate the greatest common factor of 350 and 42.
14
What is the highest common factor of 2378 and 164?
82
Calculate the greatest common divisor of 299 and 2553.
23
What is the highest common factor of 5497 and 115?
23
Calculate the highest common divisor of 12 and 58.
2
Calculate the greatest common divisor of 115 and 736.
23
Calculate the greatest common divisor of 66836 and 154.
154
Calculate the highest common divisor of 15 and 390.
15
Calculate the highest common divisor of 1065 and 285.
15
Calculate the highest common divisor of 11504 and 8.
8
Calculate the highest common divisor of 5 and 2735.
5
What is the greatest common divisor of 1655 and 40?
5
What is the highest common factor of 799 and 329?
47
What is the greatest common divisor of 220 and 4730?
110
What is the greatest common divisor of 34 and 2074?
34
What is the greatest common factor of 203 and 14?
7
Calculate the highest common divisor of 168 and 48.
24
What is the greatest common factor of 249 and 33?
3
What is the highest common divisor of 187 and 85?
17
Calculate the highest common divisor of 23210 and 110.
110
Calculate the highest common factor of 1235 and 1140.
95
Calculate the greatest common factor of 86 and 10750.
86
What is the highest common factor of 4563 and 81?
27
Calculate the greatest common factor of 100 and 4.
4
What is the greatest common factor of 2106 and 18?
18
Calculate the greatest common factor of 583 and 1378.
53
What is the greatest common factor of 176 and 64?
16
Calculate the greatest common factor of 121 and 11737.
121
Calculate the greatest common factor of 576 and 27.
9
Calculate the greatest common factor of 38 and 2774.
38
Calculate the highest common factor of 216 and 13662.
54
What is the highest common factor of 604 and 4?
4
What is the greatest common factor of 497 and 213?
71
Calculate the highest common factor of 7175 and 175.
175
Calculate the greatest common divisor of 1978 and 92.
46
What is the highest common factor of 5074 and 86?
86
Calculate the highest common factor of 1260 and 990.
90
What is the highest common divisor of 672 and 1554?
42
What is the greatest common factor of 33 and 165?
33
What is the greatest common divisor of 423 and 2820?
141
What is the greatest common divisor of 2489 and 304?
19
Calculate the highest common divisor of 1023 and 527.
31
What is the greatest common divisor of 56 and 116?
4
Calculate the highest common factor of 1216 and 4.
4
Calculate the greatest common divisor of 276 and 36.
12
What is the greatest common factor of 219 and 584?
73
Calculate the highest common factor of 615 and 15.
15
What is the greatest common divisor of 22 and 11473?
11
What is the highest common factor of 580 and 232?
116
Calculate the highest common factor of 88 and 8648.
8
Calculate the highest common factor of 3040 and 30.
10
Calculate the highest common factor of 404 and 4.
4
Calculate the highest common divisor of 24 and 200.
8
What is the highest common factor of 8 and 40?
8
What is the highest common divisor of 145 and 2030?
145
Calculate the highest common factor of 360 and 390.
30
Calculate the greatest common divisor of 78 and 520.
26
Calculate the highest common factor of 18 and 6507.
9
Calculate the greatest common factor of 11 and 451.
11
What is the greatest common divisor of 197 and 55357?
197
Calculate the greatest common divisor of 107 and 321.
107
Calculate the highest common divisor of 42 and 26880.
42
Calculate the highest common factor of 60 and 60.
60
What is the greatest common divisor of 513 and 18?
9
Calculate the highest common factor of 40 and 8730.
10
Calculate the greatest common factor of 984 and 4059.
123
What is the greatest common factor of 40 and 260?
20
